actor of 7396?
False
Is 2 a factor of 29?
False
Is 18 a factor of 3510?
True
Is 4 a factor of 440?
True
Is 62 a factor of 9859?
False
Is 35712 a multiple of 248?
True
Is 4 a factor of 31?
False
Does 6 divide 395?
False
Is 45710 a multiple of 70?
True
Is 123 a factor of 13795?
False
Is 384 a multiple of 126?
False
Is 206 a factor of 618?
True
Does 3 divide 216?
True
Does 328 divide 53792?
True
Is 34 a factor of 2265?
False
Does 6 divide 6044?
False
Is 1035 a multiple of 88?
False
Does 3 divide 4231?
False
Is 687 a multiple of 11?
False
Does 151 divide 6747?
False
Is 50 a factor of 1007?
False
Is 33 a factor of 13699?
False
Does 16 divide 734?
False
Is 10 a factor of 260?
True
Is 2 a factor of 879?
False
Is 58 a factor of 2494?
True
Does 10 divide 94150?
True
Is 87 a factor of 9749?
False
Is 82 a multiple of 4?
False
Is 79 a factor of 2941?
False
Is 96 a factor of 384?
True
Does 39 divide 6552?
True
Is 12 a factor of 3000?
True
Is 910 a multiple of 14?
True
Is 117 a multiple of 39?
True
Is 24 a factor of 3021?
False
Is 6552 a multiple of 36?
True
Does 37 divide 137397?
False
Is 17360 a multiple of 155?
True
Is 420 a multiple of 4?
True
Does 61 divide 1819?
False
Is 28 a factor of 2034?
False
Is 1584 a multiple of 18?
True
Is 14 a factor of 9233?
False
Is 101 a factor of 505?
True
Does 19 divide 421?
False
Is 60 a factor of 180?
True
Is 23 a factor of 1782?
False
Does 3 divide 321?
True
Is 1293 a multiple of 36?
False
Is 9 a factor of 1949?
False
Is 2 a factor of 80?
True
Is 4 a factor of 1660?
True
Does 5 divide 1633?
False
Is 2970 a multiple of 55?
True
Is 142 a factor of 8094?
True
Is 45 a factor of 2247?
False
Is 105 a factor of 53255?
False
Is 20 a factor of 900?
True
Is 94 a factor of 8568?
False
Does 104 divide 9360?
True
Does 8 divide 552?
True
Is 25956 a multiple of 18?
True
Does 16 divide 41120?
True
Is 77253 a multiple of 95?
False
Is 1327 a multiple of 12?
False
Is 1917 a multiple of 27?
True
Does 40 divide 8074?
False
Is 275 a multiple of 8?
False
Is 77 a factor of 616?
True
Does 21 divide 12627?
False
Does 4 divide 1761?
False
Is 8 a factor of 10586?
False
Is 52 a factor of 94340?
False
Is 2 a factor of 882?
True
Is 20 a factor of 660?
True
Is 16 a factor of 2128?
True
Is 40 a factor of 555?
False
Does 3 divide 90?
True
Is 12 a factor of 9780?
True
Is 16146 a multiple of 69?
True
Is 2 a factor of 328?
True
Is 84 a multiple of 21?
True
Is 20160 a multiple of 45?
True
Is 1736 a multiple of 83?
False
Is 1384 a multiple of 20?
False
Is 12 a factor of 368?
False
Is 95 a factor of 1425?
True
Is 8280 a multiple of 8?
True
Is 35 a factor of 193?
False
Is 83 a multiple of 3?
False
Is 17146 a multiple of 308?
False
Is 476 a multiple of 68?
True
Is 265 a multiple of 32?
False
Is 56685 a multiple of 248?
False
Is 24700 a multiple of 43?
False
Is 74399 a multiple of 97?
True
Does 5 divide 27?
False
Does 13 divide 2119?
True
Does 21 divide 2851?
False
Does 6 divide 9552?
True
Is 7614 a multiple of 6?
True
Is 137330 a multiple of 62?
True
Is 5615 a multiple of 44?
False
Is 5 a factor of 2294?
False
Is 29422 a multiple of 47?
True
Is 18 a factor of 1764?
True
Is 504 a multiple of 14?
True
Is 25823 a multiple of 49?
True
Is 18301 a multiple of 85?
False
Is 504 a multiple of 17?
False
Is 20236 a multiple of 53?
False
Is 840 a multiple of 21?
True
Is 64 a factor of 3136?
True
Is 66 a factor of 24288?
True
Is 1914 a multiple of 29?
True
Is 504 a multiple of 56?
True
Is 2160 a multiple of 12?
True
Is 12 a factor of 5991?
False
Is 1034 a multiple of 36?
False
Does 70 divide 4207?
False
Is 30798 a multiple of 14?
False
Is 142 a factor of 100755?
False
Is 1872 a multiple of 78?
True
Does 9 divide 153?
True
Is 73 a factor of 2847?
True
Does 10 divide 91?
False
Is 21 a factor of 19178?
False
Does 7 divide 1831?
False
Is 9 a factor of 630?
True
Is 168 a factor of 55412?
False
Does 43 divide 76411?
True
Is 7 a factor of 200?
False
Does 13 divide 568?
False
Is 3133 a multiple of 111?
False
Is 104 a multiple of 2?
True
Is 22 a factor of 94?
False
Is 41 a factor of 2009?
True
Does 136 divide 22440?
True
Is 140 a multiple of 26?
False
Is 66 a factor of 3361?
False
Is 29 a factor of 10496?
False
Is 702 a multiple of 18?
True
Is 56 a factor of 3455?
False
Is 11 a factor of 6696?
False
Is 3 a factor of 73?
False
Is 18 a factor of 87996?
False
Is 15 a factor of 22?
False
Is 94585 a multiple of 17?
False
Is 17 a factor of 10221?
False
Is 3694 a multiple of 40?
False
Is 585 a multiple of 9?
True
Does 150 divide 27750?
True
Does 26 divide 8957?
False
Is 10 a factor of 638?
False
Is 1758 a multiple of 28?
False
Does 35 divide 6356?
False
Is 22652 a multiple of 7?
True
Does 53 divide 35857?
False
Is 53 a factor of 6095?
True
Is 305 a multiple of 4?
False
Does 33 divide 63319?
False
Is 26 a factor of 1950?
True
Is 13680 a multiple of 20?
True
Is 1026 a multiple of 27?
True
Is 64 a factor of 6336?
True
Is 15928 a multiple of 11?
True
Is 10 a factor of 35350?
True
Is 91 a factor of 13741?
True
Is 16395 a multiple of 56?
False
Is 26 a factor of 1406?
False
Does 90 divide 6120?
True
Does 39 divide 2347?
False
Does 21 divide 27625?
False
Is 132 a factor of 8448?
True
Is 1190 a multiple of 70?
True
Does 149 divide 32780?
True
Is 49 a factor of 84427?
True
Does 25 divide 400?
True
Does 15 divide 360?
True
Is 12 a factor of 168996?
True
Is 26522 a multiple of 37?
False
Is 27 a factor of 543?
False
Is 64 a factor of 21504?
True
Is 174 even?
True
Is 56 a multiple of 56?
True
Does 13 divide 208?
True
Is 2072 a multiple of 14?
True
Is 8 a factor of 223?
False
Does 73 divide 1701?
False
Is 4594 a multiple of 2?
True
Is 77 a factor of 5082?
True
Does 19 divide 1053?
False
Is 638 a multiple of 11?
True
Does 49 divide 5880?
True
Is 3 a factor of 45891?
True
Is 4 a factor of 2356?
True
Is 388 a multiple of 97?
True
Is 1936 a multiple of 11?
True
Is 2665 a multiple of 44?
False
Is 11040 a multiple of 60?
True
Does 6 divide 3726?
True
Is 128 a factor of 4094?
False
Does 21 divide 147?
True
Is 22738 a multiple of 10?
False
Is 5 a factor of 335?
True
Is 51840 a multiple of 144?
True
Does 14 divide 17290?
True
Is 15 a factor of 1286?
False
Is 713 a multiple of 31?
True
Does 35 divide 393?
False
Does 31 divide 4064?
False
Does 58 divide 1392?
True
Does 51 divide 3363?
False
Is 75465 a multiple of 13?
True
Is 61 a factor of 4819?
True
Is 26962 a multiple of 13?
True
Is 4999 a multiple of 80?
False
Is 1792 a multiple of 32?
True
Does 18 divide 47160?
True
Is 34814 a multiple of 160?
False
Does 15 divide 100830?
True
Is 2 a factor of 4080?
True
Does 17 divide 3762?
False
Does 36 divide 1022?
False
Does 8 divide 27834?
False
Is 2756 a multiple of 38?
False
Is 8690 a multiple of 110?
True
Does 97 divide 388?
True
Is 32 a factor of 1838?
False
Is 11 a factor of 461?
False
Is 45 a factor of 1080?
True
Is 869 a multiple of 79?
True
Is 775 a multiple of 31?
True
Does 11 divide 19789?
True
Does 5 divide 7676?
False
Is 7 a factor of 44?
False
Does 74 divide 14134?
True
Is 16 a factor of 59172?
False
Does 42 divide 353?
False
Does 122 divide 34200?
False
Is 5520 a multiple of 48?
True
Is 1436 a multiple of 73?
False
Does 71 divide 4125?
False
Does 6 divide 16440?
True
Does 10 divide 9600?
True
Is 103 a factor of 26574?
True
Is 83 a factor of 2726?
False
Does 161 divide 14952?
False
Is 55 a factor of 21772?
False
Is 20882 a multiple of 53?
True
Is 74 a factor of 3626?
True
Is 94 a factor of 14200?
False
Is 11 a factor of 198?
True
Is 4201 a multiple of 71?
False
Does 238 divide 16472?
False
Is 2036 a multiple of 21?
False
Is 2062 a multiple of 97?
False
Is 77 a factor of 924?
True
Is 907 a multiple of 14?
False
Is 19 a factor of 10640?
True
Is 8224 a multiple of 18?
False
Does 9 divide 12676?
False
Does 12 divide 2910?
False
Is 871 a multiple of 18?
False
Does 22 divide 330?
True
Does 8 divide 9368?
True
Is 17 a factor of 33052?
False
Does 45 divide 913?
False
Is 17248 a multiple of 49?
True
Is 118 a factor of 37150?
False
Does 64 divide 1792?
True
Is 6 a factor of 1932?
True
Is 33 a factor of 2966?
False
Does 63 divide 27643?
False
Is 12 a factor of 387?
False
Does 9 divide 145303?
False
Is 3 a factor of 120?
True
Is 6 a factor of 43037?
False
Is 181 a factor of 62135?
False
Is 15 a factor of 20685?
Tru